7468844 a multiple of 156?
True
Is 44 a factor of 36104877?
False
Is 42567445 a multiple of 29?
False
Is 2906824 a multiple of 35?
False
Does 812 divide 340468269?
False
Is 64188549 a multiple of 136?
False
Is 21883730 a multiple of 2763?
False
Is 3161 a factor of 145888157?
False
Is 1464437 a multiple of 2?
False
Is 20183094 a multiple of 6?
True
Is 3798494718 a multiple of 219?
False
Is 1895572043 a multiple of 6081?
False
Is 72 a factor of 37481013?
False
Is 28 a factor of 1394948324?
True
Does 16 divide 447073664?
True
Is 267107334 a multiple of 3471?
True
Does 147 divide 26098527?
True
Does 81 divide 120627306?
True
Does 1348 divide 129154576?
True
Is 1234462234 a multiple of 481?
False
Is 3 a factor of 867631008?
True
Does 24 divide 61144349?
False
Is 136 a factor of 62949912?
True
Is 143 a factor of 106836734?
False
Is 28305714 a multiple of 1546?
True
Is 12 a factor of 487011612?
True
Is 9 a factor of 14940228?
False
Is 12145345 a multiple of 403?
False
Is 2966 a factor of 253607830?
True
Is 506825167 a multiple of 10?
False
Does 2289 divide 49744548?
True
Does 28 divide 9662443?
False
Does 9 divide 116384216?
False
Does 4 divide 864594265?
False
Does 598 divide 26834652?
True
Is 45 a factor of 622134611?
False
Is 14243632 a multiple of 101?
False
Does 1044 divide 695392831?
False
Is 1255537 even?
False
Does 4 divide 89424948?
True
Does 80 divide 1046155440?
True
Is 2519 a factor of 13207663?
False
Is 2595866484 a multiple of 258?
True
Does 7 divide 620926670?
True
Is 105579006 a multiple of 39?
True
Is 9 a factor of 289713252?
False
Does 751 divide 118926858?
True
Does 35 divide 251410250?
True
Is 34 a factor of 104374512?
False
Is 86 a factor of 8853955?
False
Is 236892000 a multiple of 380?
True
Is 642444675 a multiple of 465?
False
Is 54 a factor of 398572851?
False
Is 940517345 a multiple of 33?
False
Is 522 a factor of 37104282?
True
Is 233886645 a multiple of 25?
False
Is 26394144 a multiple of 6?
True
Is 12 a factor of 498858349?
False
Does 14 divide 3723518123?
False
Does 68 divide 980029851?
False
Is 161887618 a multiple of 178?
True
Is 1843 a factor of 298249004?
True
Does 2 divide 192809132?
True
Is 2886418386 a multiple of 822?
False
Does 3214 divide 94034988?
False
Is 99 a factor of 2980334061?
False
Is 169 a factor of 26745898?
False
Is 452 a factor of 223125280?
True
Does 256 divide 81878016?
True
Does 1003 divide 50175557?
False
Is 214911882 a multiple of 18?
True
Does 37 divide 566698189?
False
Is 5655 a factor of 1624446104?
False
Is 167 a factor of 1074807464?
False
Is 1654699740 a multiple of 57?
True
Does 50 divide 168996972?
False
Does 9 divide 148042143?
True
Is 12 a factor of 126137501?
False
Is 24 a factor of 23606400?
True
Is 355 a factor of 88368395?
False
Does 1106 divide 149885439?
False
Does 19 divide 507313471?
True
Does 2 divide 667673043?
False
Is 39706064 a multiple of 10?
False
Does 465 divide 28083761?
False
Does 49 divide 4925529?
True
Does 31 divide 188960531?
True
Does 482 divide 142548572?
False
Is 14 a factor of 185722894?
True
Is 46842940 a multiple of 491?
False
Is 27 a factor of 115489098?
True
Is 555 a factor of 101467320?
True
Is 59898005 a multiple of 457?
False
Does 37 divide 4633103?
True
Does 981 divide 20433519?
False
Does 110 divide 2636920?
True
Is 1494 a factor of 412926660?
True
Is 284 a factor of 47576197?
False
Is 504439068 a multiple of 1893?
True
Is 86300995 a multiple of 87?
False
Is 143446268 a multiple of 21?
False
Is 2461 a factor of 33636948?
True
Does 24 divide 11805336?
True
Is 405087352 a multiple of 3239?
False
Does 25 divide 49206675?
True
Is 1404355281 a multiple of 15?
False
Is 447550434 a multiple of 92?
False
Is 3969330825 a multiple of 1145?
False
Does 440 divide 87973600?
True
Does 2056 divide 3710029384?
True
Does 39 divide 462811947?
True
Is 56913922 a multiple of 11?
False
Does 537 divide 55223469?
True
Is 4 a factor of 1142037?
False
Does 6 divide 468660628?
False
Is 247 a factor of 21553706?
False
Does 747 divide 58756779?
True
Is 524891668 a multiple of 1162?
True
Does 29 divide 534348002?
False
Is 547976471 a multiple of 623?
True
Is 1311018654 a multiple of 575?
False
Does 251 divide 50623939?
True
Is 30815708 a multiple of 3?
False
Does 244 divide 3774986?
False
Is 56767403 a multiple of 2551?
True
Does 8 divide 1080045696?
True
Is 14750072 a multiple of 147?
False
Is 8332740 a multiple of 135?
True
Is 1723 a factor of 130395947?
False
Is 123470208 a multiple of 128?
True
Is 15 a factor of 2408530829?
False
Is 40 a factor of 1598100440?
True
Is 469 a factor of 21292131?
True
Is 64627680 a multiple of 312?
True
Does 571 divide 50589458?
True
Is 375 a factor of 1407486000?
True
Is 33 a factor of 293590803?
True
Does 29 divide 5752440?
True
Is 237 a factor of 65984592?
True
Is 2513 a factor of 420068054?
True
Does 18 divide 1160308?
False
Is 1561 a factor of 676463236?
False
Is 225241362 a multiple of 617?
False
Is 27 a factor of 127080063?
True
Does 150 divide 4242509864?
False
Is 16 a factor of 1463117216?
True
Is 64287113 a multiple of 25?
False
Is 95892216 a multiple of 4468?
True
Is 1937000 a multiple of 17?
False
Is 50186214 a multiple of 264?
False
Does 151 divide 9039766?
True
Is 530 a factor of 933705770?
True
Is 5620260 a multiple of 139?
False
Is 166 a factor of 253982324?
True
Does 1416 divide 32221574?
False
Is 13471417 a multiple of 12?
False
Does 14 divide 2482472748?
True
Does 34 divide 111959554?
False
Does 707 divide 296990904?
True
Is 141459566 a multiple of 3?
False
Is 63 a factor of 180448065?
True
Does 907 divide 586085833?
False
Does 5 divide 245281?
False
Is 76545988 a multiple of 396?
False
Does 79 divide 148903492?
False
Does 7 divide 12446973?
True
Is 14 a factor of 14854532?
True
Does 10 divide 219922600?
True
Does 88 divide 16893096?
True
Is 3466 a factor of 1409570210?
True
Is 906221293 a multiple of 2292?
False
Is 446 a factor of 19593672?
True
Is 28253550 a multiple of 207?
False
Does 772 divide 36080391?
False
Is 5 a factor of 130717710?
True
Is 7 a factor of 315638192?
False
Does 28 divide 45588217?
False
Is 56 a factor of 431967984?
True
Does 1392 divide 19435104?
True
Is 5654866 a multiple of 142?
True
Does 346 divide 298804678?
False
Is 779448882 a multiple of 74?
True
Is 23 a factor of 119814571?
False
Is 2825995420 a multiple of 1468?
True
Is 3679895246 a multiple of 31?
False
Is 7 a factor of 30968167?
False
Does 212 divide 882260135?
False
Does 358 divide 358984396?
False
Is 15884399 a multiple of 257?
True
Is 7 a factor of 29143992?
False
Does 2 divide 233908?
True
Is 12286387 a multiple of 74?
False
Does 122 divide 68487463?
False
Is 13845195 a multiple of 1323?
True
Is 13 a factor of 151021013?
True
Is 75 a factor of 88323146?
False
Does 10 divide 1021008360?
True
Does 79 divide 62702379?
True
Is 152075217 a multiple of 259?
True
Is 813396249 a multiple of 9?
True
Is 66043517 a multiple of 97?
True
Does 1834 divide 13699980?
True
Is 144 a factor of 3926126?
False
Is 207820041 a multiple of 143?
True
Is 69435135 a multiple of 77?
True
Is 1022033445 a multiple of 43?
False
Is 577959795 a multiple of 3682?
False
Is 377974451 a multiple of 472?
False
Does 5574 divide 652949508?
True
Is 82 a factor of 11810952?
True
Is 21011232 a multiple of 2167?
True
Is 2624403502 a multiple of 14?
True
Does 28 divide 186938332?
True
Does 30 divide 589698057?
False
Does 632 divide 415301736?
True
Is 1240316486 a multiple of 79?
False
Is 31523184 a multiple of 1232?
True
Does 1128 divide 1144128144?
True
Is 1517 a factor of 48578523?
False
Does 1446 divide 147486216?
True
Is 59907816 a multiple of 4?
True
Is 50 a factor of 47941750?
True
Does 332 divide 259258698?
False
Does 50 divide 122510200?
True
Does 6417 divide 2932479162?
True
Does 1717 divide 27480585?
True
Is 10 a factor of 7053700?
True
Is 7 a factor of 4009341?
True
Does 1638 divide 462102869?
False
Is 23 a factor of 648273032?
True
Is 1238 a factor of 428492846?
True
Does 465 divide 8866709?
False
Is 36414021 a multiple of 3?
True
Is 12493295 a multiple of 289?
False
Is 71789006 a multiple of 263?
True
Is 23 a factor of 28507068?
False
Is 2339 a factor of 1358156723?
True
Is 131508808 a multiple of 1448?
True
Is 20000637 a multiple of 82?
False
Does 12 divide 114227